 r(d) = -13*d - q*d**2 + 1 + 38*d - 21*d. Determine r(-3).
-29
Let i(z) = z**2 + 4*z + 1. Suppose -k + 227 = 4*o, 5*o = -5*k + 258 + 7. Let c be -18*(-3 + (-4)/12). Let x = o - c. Calculate i(x).
-3
Let i(t) = t**3 + 17*t**2 - 19*t - 23. Let q(w) = 2*w**3 + 147*w**2 + 350*w - 373. Let h be q(-71). Give i(h).
-5
Suppose 5*f + 184 = -4*d, -17*d + 239 = -22*d - 4*f. Let j(x) = -6*x - 303. Calculate j(d).
3
Let n = -160 + 90. Let h = 20 - n. Let p = -100 + h. Let m(o) = o**3 + 11*o**2 + 10*o - 3. What is m(p)?
-3
Let b = -362 - -357. Let w(o) = -o**2 - 2*o + 13. Let m be w(b). Let v(p) = 6*p**2 + 3*p + 1. Give v(m).
19
Let b(p) be the second derivative of 8*p**3 - 6*p**2 - 6*p + 272. What is b(1)?
36
Suppose -8*f + 112 = -6*f. Let q(b) = -f + 56 - 6*b. Give q(1).
-6
Let o = -18180 - -18177. Let v(c) = -4*c**2 - 4*c - 4. What is v(o)?
-28
Let j be ((-22)/(-88))/((-25)/40) - (-53)/120. Let i(u) be the third derivative of 0*u + 0 + j*u**4 + 5/6*u**3 + 1/120*u**6 + 1/12*u**5 - 13*u**2. Give i(-5).
0
Suppose -h - 3*m = -30, -7*h = -2*h - m - 166. Let g = 35 - h. Let k(r) = -5*r**3 + 3*r**2 + 4*r**3 - 14*r**g + 2*r**2 + r. What is k(-9)?
-9
Let f = -1919 + 1914. Let j(v) = 16*v + 51. What is j(f)?
-29
Suppose -52*g + 53*g - 13 = 0. Suppose 230 = -g*z - 10*z. Let p(h) = -h**3 - 9*h**2 + 10*h - 1. Determine p(z).
-1
Let k(j) be the third derivative of j**6/120 - j**5/6 + j**4/24 + 4*j**3/3 + 21*j**2. Suppose 8*v + 13*v - 260 = -5*v. Calculate k(v).
18
Suppose p + p = 10. Let y = -74 + 76. Let f(t) = -2*t + 2*t + 4*t - t**y + 0*t + 1 + t. Calculate f(p).
1
Let i(q) = 38*q + 37*q - 128*q + 3*q**2 - 4*q**2 + 47*q + 14. Calculate i(-6).
14
Let l(d) = 2*d**3 - 4*d**2 + 3*d. Suppose -4*f + 2*f = 4*r, -3*f + 2*r = -16. Let u be f*((-75)/10)/(-15). Determine l(u).
6
Let r(g) = -2*g + 5. Let i(p) = -2*p**2 + 9*p + 5. Let l be i(0). Determine r(l).
-5
Suppose 0*x = -3*x + y + 8, -10 = -2*x - 4*y. Let l(s) = -10 + 0 + 2*s - x*s. Suppose -3*k - 12 = -5*h, -3*h + 2*k = 3*k + 4. What is l(h)?
-10
Let r(a) = -2*a**2 + 2*a + 1. Let p be r(2). Let b be p*3/18*-14. Let h(t) be the first derivative of t**4/4 - 8*t**3/3 + 3*t**2 + 10*t + 55. What is h(b)?
3
Let j(f) = -4*f + 161704 - f - 2*f**2 - 161711 - 4*f. Give j(0).
-7
Let l(y) = 4*y - 29. Let p be l(6). Let d(w) = -12*w - 36. Give d(p).
24
Let r(c) = -7*c + 1. Let z(l) = 3 + 0 - 2 + 3*l - 2. Suppose -11*g + 13*g = 3*f + 12, -4 = f + 2*g. Let p(i) = f*r(i) - 7*z(i). Calculate p(-2).
-11
Let h(z) be the third derivative of z**6/120 + 7*z**5/30 + 2*z**4/3 + 9*z**3 + 1568*z**2 - 2*z + 3. Give h(-13).
15
Let g(k) = k - 25. Let i(u) = u - 32. Let h(f) = 3*g(f) - 2*i(f). Let v = -19 + 19. Give h(v).
-11
Let z = 903 + -891. Let u(m) = m**2 - 5*m - 1. Give u(z).
83
Let u(g) = 2*g**2 - g + 1. Let p(i) be the first derivative of 3*i**2/2 + 27*i + 10. Let j be p(-14). Let f = -13 - j. Calculate u(f).
7
Let j = 444 + -442. Let o(x) = 13*x - 80 - 10*x**j + x**3 - 70 + 139. Give o(8).
-35
Let z(h) = 10*h - 45. Let a be (50/15)/((-10)/(-15) + 0). Let o be z(a). Let j(g) = -2*g + 13. Let d(n) = n - 6. Let s(k) = -7*d(k) - 3*j(k). What is s(o)?
-2
Let t(c) = c**2 + 4. Let g be (-1 + 1)/(((-1)/(-8))/((-3)/(-24))). Calculate t(g).
4
Let u(q) = 2*q - 210 + 190 - 14*q + 11*q. Determine u(-8).
-12
Let y(w) = -3*w**2 - 14*w - 4. Let h = -5310 - -5305. Calculate y(h).
-9
Let j(v) = -17*v**2 + 10*v + 7. Let r(y) = -15*y**2 + 8*y + 6. Let a(m) = -5*j(m) + 6*r(m). Calculate a(1).
-6
Let m(k) be the third derivative of k**4/24 + k**3/3 - 3*k**2. Suppose 14502 = -25*i + 14627. Determine m(i).
7
Let h be 6/(-10) - (-806)/10. Suppose 0 = 6*f - 16*f - h. Let g = 12 + f. Let q(r) = -r - 2. What is q(g)?
-6
Let u = 54 - 41. Let p = -11 + u. Let f(z) = -270 + 270 - 3*z**p. Give f(-2).
-12
Let g(t) = 44*t + 29. Let q(d) = -74*d - 43. Let w(v) = -8*g(v) - 5*q(v). Give w(1).
1
Suppose -2*y + 40 = -4*c + 34, -5*c = -2*y + 7. Let k(a) = 36*a**2 + 2*a - 2. Give k(y).
36
Suppose -5 - 4 = 3*q. Let v(f) be the third derivative of 2/3*f**3 - 202*f**2 + 1/60*f**5 + 0*f + 1/6*f**4 + 0. What is v(q)?
1
Let p(y) = 197*y + 55545. Let s be p(-282). Let c(x) = 2 - x**3 - 3 - 8*x**2 + 2 + 7*x. Calculate c(s).
19
Let t = 961 - 964. Let d(l) = -2*l**2 + 7*l - 4. Let m(i) = 5 + 4*i**2 - 2*i**2 - 2*i**2 + 3*i**2 - 8*i. Let z(w) = t*m(w) - 4*d(w). What is z(-3)?
4
Let h(v) be the second derivative of v**3/3 - v**2/2 - 61*v. Let o(d) = -6*d + 3. Let a be (1/(-2))/((-2)/(-24)). Let f(m) = a*o(m) - 17*h(m). Calculate f(-2).
-5
Let v(j) = 22*j - 6. Let l be v(-6). Let p = 9885 + -10018. Let i = l - p. Let b(f) = -f**3 - 5*f**2 + f - 3. Calculate b(i).
-8
Let t(n) be the second derivative of -17*n**3/3 - 125*n**2/2 - 789*n + 2. Calculate t(-4).
11
Let i(m) be the second derivative of -m**3/3 - 8*m**2 + 135*m + 1. Calculate i(0).
-16
Let d(i) be the third derivative of 0*i**3 + 1/120*i**6 + 0*i + 0 - 1/20*i**5 + 1/24*i**4 - 159*i**2. What is d(2)?
-2
Suppose -17*k + 10*k = 13*k + 160. Let g(x) = -3*x**3 - 7*x**2 - 9*x + 7. Let c(h) = 7*h**3 + 13*h**2 + 19*h - 14. Let q(u) = -2*c(u) - 5*g(u). Give q(k).
1
Let j be (96/3)/(3/6). Let y = 67 - j. Suppose -a - 2*q - 1 = -3, 0 = a + y*q. Let n(m) = m**2 - 3*m - 7. Calculate n(a).
11
Let p(u) be the second derivative of u**4/12 - 7*u**3/3 + 18*u**2 + 9614*u. Determine p(11).
3
Suppose -4*v - 6 = 2*f, 5*v + 5*f = -276 + 271. Let o(b) = -6*b - 9. Give o(v).
3
Suppose 4*j - 9 = 3*l, -5*j = -2*l - 7 - 6. Let x be 90/(-99)*(-12 + l). Let n(k) = 2*k - 21. Give n(x).
-1
Let p(o) = o**3 - o**2 - 12*o + 3. Let c = -2467 - -2472. Give p(c).
43
Let u be -28 - (-3861)/135 - 133/5. Let f(c) = -23*c - 594. Give f(u).
4
Let r(m) = -2*m**3 + 3*m**2 + 3*m - 1. Let x(a) = -8*a**3 + 12*a**2 + 13*a - 4. Let b(t) = -9*r(t) + 2*x(t). Determine b(-2).
-25
Let v(g) = 2*g**2 + 5*g - 9. Suppose 26*c - 284 = -232. Give v(c).
9
Suppose 338*q + 626 = 626. Let k(h) = -5*h**3 - 5*h**2 + 4*h - 8. Let x(l) = -6*l**3 - 6*l**2 + 5*l - 9. Let o(p) = 5*k(p) - 4*x(p). Calculate o(q).
-4
Suppose 20*k - 1035 = 21*k - 24*k. Let q(y) = y - 44. Determine q(k).
1
Let z(t) = -t - 4. Let r be 4*(-6 + 5)*2/(-4). Suppose 17 = r*n - 0*d - d, 2*d - 10 = 0. Suppose 9*w - 12 = n*w. Determine z(w).
2
Let i(c) = -c**2 - 12*c + 26. Let m(s) = -4*s**2 - 47*s + 102. Let n(x) = -13*i(x) + 3*m(x). Calculate n(-12).
-68
Let c(u) = -13*u**2 - 2*u**3 - 4*u**2 + 12*u**2 + 5*u + 3*u**3 - 3. Let g = 67 - 62. Give c(g).
22
Let l(o) = 95*o + 3741*o**3 + 6*o**2 + 63 + 36*o**2 - 8*o**2 - 3740*o**3. What is l(-31)?
1
Let o be 42/2 - (2388 - 2367). Let n(z) = -6 + 0*z + 22 + z. Determine n(o).
16
Let k(m) = 5*m**2 - 1. Let t = -566 - -574. Suppose -a = -t + 7. Give k(a).
4
Let v(h) be the second derivative of 7*h**5/2 - h**4/6 + h**3/6 - 1485*h. Determine v(1).
69
Suppose 13*j = 18 + 138. Suppose 0*o - 3*o + j = 0. Let l(f) = 5*f**3 + 7*f**2 + 2*f**3 - o*f - 8*f**3. Determine l(6).
12
Let g be 40/100 - (-54)/15. Suppose -34 = -4*v - s, 8 = -g*v - 5*s + 50. Let h(b) = -b**2 + 10*b - 6. Calculate h(v).
10
Let f(u) = -5*u - 6. Let h(t) = 12*t + 12. Let v(m) = -6*m - 6. Let d(k) = -2*h(k) - 5*v(k). Let j(b) = -6*d(b) - 7*f(b). Give j(6).
0
Let u be 585/234*16/(-20). Let v(f) = -11*f**3 - 2*f**2 - 6*f. Give v(u).
92
Let o = 107 - 111. Let z(a) = -2*a**2 - 6*a + 3. Let g be z(o). Let q(r) = -4*r + 2. Calculate q(g).
22
Let u be ((-18)/(-15))/((3 - 5)/80). Let q = 53 + u. Let l be 1 - (q - (-9)/(-3)). Let i(n) = 10*n**2 - 1. Determine i(l).
9
Let m(c) = -5*c - 4. Suppose -2*n = 4*t, 3*t - 44*n = -41*n + 18. Let s(z) = z**3 + 2*z**2 - 20*z - 15. Let h(v) = t*s(v) - 9*m(v). Calculate h(-2).
-4
Let l(a) = a**3 + 15*a**2 + 24*a - 24. Let m be l(-13). Let h(n) = 5*n - 10*n**m + 7 + 4*n**3 + 0*n**3 + 1 - 4*n**3 + n**3. What is h(9)?
-28
Let b(a) = 35*a - 120. Let k(d) = -23*d + 81. Let i(h) = -2*b(h) - 3*k(h). Suppose 3*v - 20 = -2*v. Calculate i(v).
-7
Let r(i) be the first derivative of -i**6/120 + 2*i**5/15 + i**4/24 + i**3/3 - 90*i**2 + 275. Let q(g) be the second derivative of r(g). What is q(8)?
10
Let v(t) = 34*t + 36. Let h be v(-1). Let j(c) = -4 + 0*c + 3*c + 2*c. Let i be j(h). Let b(p) = p**2 - 9*p + 4. Give b(i).
-14
Let r = 2036 + -2032. Let s(h) be the first derivative of 1/4*h**r + 0*h - 7/2*h**2 - 8 